s divided by 1242.
17
What is the remainder when 1990 is divided by 7?
2
Calculate the remainder when 42147 is divided by 1317.
3
What is the remainder when 3846 is divided by 356?
286
What is the remainder when 13676 is divided by 1139?
8
Calculate the remainder when 2951 is divided by 2646.
305
Calculate the remainder when 11166 is divided by 5576.
14
What is the remainder when 24270 is divided by 385?
15
What is the remainder when 705 is divided by 107?
63
Calculate the remainder when 183871 is divided by 36773.
6
Calculate the remainder when 1160 is divided by 187.
38
What is the remainder when 203761 is divided by 61?
21
What is the remainder when 946 is divided by 439?
68
What is the remainder when 94949 is divided by 75?
74
Calculate the remainder when 10056 is divided by 56.
32
What is the remainder when 7005 is divided by 48?
45
Calculate the remainder when 25538305 is divided by 137.
135
What is the remainder when 58907 is divided by 254?
233
What is the remainder when 141808 is divided by 37?
24
What is the remainder when 5217 is divided by 1739?
0
What is the remainder when 7567 is divided by 2521?
4
Calculate the remainder when 59712 is divided by 35.
2
Calculate the remainder when 7900 is divided by 726.
640
What is the remainder when 6380179 is divided by 171?
169
What is the remainder when 2192219 is divided by 5?
4
Calculate the remainder when 1168221 is divided by 1032.
1029
Calculate the remainder when 234 is divided by 119.
115
Calculate the remainder when 41000 is divided by 837.
824
What is the remainder when 1080526 is divided by 63?
13
Calculate the remainder when 32135 is divided by 618.
617
What is the remainder when 5805 is divided by 181?
13
Calculate the remainder when 1351 is divided by 183.
70
Calculate the remainder when 661463 is divided by 224.
215
Calculate the remainder when 55657 is divided by 541.
475
What is the remainder when 15159 is divided by 841?
21
What is the remainder when 3861 is divided by 15?
6
What is the remainder when 68649 is divided by 134?
41
What is the remainder when 7288 is divided by 112?
8
Calculate the remainder when 2087881 is divided by 1189.
1186
What is the remainder when 34408 is divided by 33?
22
What is the remainder when 357847 is divided by 424?
415
Calculate the remainder when 21028 is divided by 20994.
34
What is the remainder when 21856 is divided by 1986?
10
What is the remainder when 4791 is divided by 398?
15
Calculate the remainder when 9684 is divided by 352.
180
What is the remainder when 286242 is divided by 7339?
21
Calculate the remainder when 6441 is divided by 63.
15
Calculate the remainder when 374 is divided by 189.
185
What is the remainder when 702199 is divided by 140439?
4
What is the remainder when 13416 is divided by 497?
494
Calculate the remainder when 37092 is divided by 864.
804
Calculate the remainder when 185811 is divided by 82.
81
Calculate the remainder when 4115 is divided by 8.
3
What is the remainder when 7949 is divided by 499?
464
What is the remainder when 40172 is divided by 13360?
92
What is the remainder when 3654417 is divided by 294?
291
Calculate the remainder when 3440 is divided by 463.
199
Calculate the remainder when 99628 is divided by 132.
100
Calculate the remainder when 15979 is divided by 225.
4
What is the remainder when 38338 is divided by 135?
133
Calculate the remainder when 2354 is divided by 754.
92
What is the remainder when 41566 is divided by 68?
18
What is the remainder when 36986 is divided by 67?
2
Calculate the remainder when 10394 is divided by 3448.
50
What is the remainder when 18288 is divided by 34?
30
What is the remainder when 272486 is divided by 14340?
26
Calculate the remainder when 40974 is divided by 4097.
4
Calculate the remainder when 1078810 is divided by 12.
10
What is the remainder when 2747 is divided by 656?
123
What is the remainder when 7723 is divided by 52?
27
What is the remainder when 672265 is divided by 84032?
9
Calculate the remainder when 5708 is divided by 269.
59
What is the remainder when 13608 is divided by 13588?
20
What is the remainder when 1474 is divided by 375?
349
What is the remainder when 103218 is divided by 51557?
104
Calculate the remainder when 2523 is divided by 2510.
13
What is the remainder when 10962 is divided by 3281?
1119
Calculate the remainder when 65244 is divided by 65234.
10
Calculate the remainder when 73481 is divided by 6.
5
Calculate the remainder when 185721 is divided by 92858.
5
What is the remainder when 192079 is divided by 3148?
51
Calculate the remainder when 9594 is divided by 372.
294
What is the remainder when 8174 is divided by 2683?
125
Calculate the remainder when 4488761 is divided by 514.
513
Calculate the remainder when 45782 is divided by 236.
234
Calculate the remainder when 67967 is divided by 163.
159
Calculate the remainder when 1730021 is divided by 859.
854
Calculate the remainder when 88174 is divided by 22.
20
Calculate the remainder when 80851 is divided by 517.
199
What is the remainder when 1255 is divided by 16?
7
What is the remainder when 8819 is divided by 19?
3
Calculate the remainder when 3435 is divided by 150.
135
What is the remainder when 5633 is divided by 948?
893
Calculate the remainder when 4933 is divided by 158.
35
Calculate the remainder when 46378 is divided by 52.
46
Calculate the remainder when 1749 is divided by 817.
115
Calculate the remainder when 852339 is divided by 8787.
0
What is the remainder when 86814 is divided by 86808?
6
Calculate the remainder when 8638 is divided by 49.
14
What is the remainder when 911943 is divided by 43?
42
What is the remainder when 2258772 is divided by 14?
12
What is the remainder when 6577 is divided by 56?
25
Calculate the remainder when 17540 is divided by 570.
440
What is the remainder when 10056 is divided by 336?
312
What is the remainder when 9313 is divided by 207?
205
Calculate the remainder when 22391 is divided by 256.
119
What is the remainder when 39025 is divided by 151?
67
What is the remainder when 17060 is divided by 371?
365
Calculate the remainder when 5498 is divided by 273.
38
What is the remainder when 39302 is divided by 7829?
157
Calculate the remainder when 24419 is divided by 185.
184
What is the remainder when 10382 is divided by 173?
2
Calculate the remainder when 155680 is divided by 231.
217
What is the remainder when 203174 is divided by 498?
488
Calculate the remainder when 10563 is divided by 39.
33
What is the remainder when 15139 is divided by 744?
259
What is the remainder when 197131 is divided by 704?
11
What is the remainder when 69969 is divided by 3179?
31
What is the remainder when 46789 is divided by 46778?
11
What is the remainder when 2154 is divided by 2117?
37
What is the remainder when 11733 is divided by 3615?
888
What is the remainder when 77280 is divided by 77275?
5
Calculate the remainder when 30347 is divided by 2023.
2
Calculate the remainder when 258220 is divided by 427.
312
Calculate the remainder when 3651 is divided by 205.
166
Calculate the remainder when 29280 is divided by 575.
530
What is the remainder when 109303 is divided by 47?
28
Calculate the remainder when 159782 is divided by 159.
146
Calculate the remainder when 1411439 is divided by 282284.
19
What is the remainder when 27782 is divided by 3463?
78
Calculate the remainder when 1041 is divided by 995.
46
What is the remainder when 21369 is divided by 4257?
84
Calculate the remainder when 1782 is divided by 25.
7
Calculate the remainder when 2726 is divided by 196.
178
Calculate the remainder when 2935 is divided by 779.
598
Calculate the remainder when 56943 is divided by 8134.
5
Calculate the remainder when 1344 is divided by 28.
0
Calculate the remainder when 807 is divided by 297.
213
What is the remainder when 165647 is divided by 407?
405
Calculate the remainder when 215163 is divided by 42.
39
What is the remainder when 410895 is divided by 68482?
3
What is the remainder when 67633 is divided by 588?
13
Calculate the remainder when 2992 is divided by 259.
143
Calculate the remainder when 6717 is divided by 19.
10
Calculate the remainder when 27375 is divided by 13493.
389
What is the remainder when 9787 is divided by 4?
3
What is th